 What is the highest common divisor of b and a?
20
Let v = 902 + -202. Calculate the greatest common factor of v and 14.
14
Suppose 5*n - 141 = n - 3*l, -3*n = l - 102. Calculate the highest common factor of 33 and n.
33
Let o(n) = n**3 - 10*n**2 + 7*n + 20. Let s be o(9). Let y(l) = 12*l**2 + 2. Let r be y(s). Calculate the greatest common divisor of r and 10.
10
Let g = -476 - -492. Calculate the greatest common factor of 208 and g.
16
Let r be (25/(-2))/(3/(-30)). Let g(u) be the third derivative of u**4/4 - 5*u**3/6 + u**2. Let t be g(5). Calculate the highest common factor of r and t.
25
Let t = 445 + -304. What is the highest common divisor of t and 1269?
141
Let a be 318 + 7/(35/30). Calculate the highest common factor of 9 and a.
9
Suppose 0 = 3*y - 5*y. Suppose 0 = 5*n - y*n. Suppose -m = 5*i - 10 - 32, -i - 4*m + 16 = n. Calculate the highest common divisor of i and 32.
8
Suppose -195 = -f - 193. Calculate the greatest common factor of f and 2.
2
Suppose -65*t = -60*t - 325. What is the highest common factor of t and 25?
5
Let l be (-130)/4*(176/(-8) - -12). What is the highest common divisor of 100 and l?
25
Let g be 33/(396/24) + ((-160)/(-2))/2. Let h be 28 + (1 + -1)/1. What is the highest common divisor of h and g?
14
Suppose 4*w - 77 = -41. Calculate the greatest common divisor of w and 72.
9
Suppose -5*p + 5 = -15. Suppose 186 - 50 = p*i. What is the greatest common divisor of i and 306?
34
Let a = -307 - -320. What is the greatest common factor of a and 3?
1
Let l = 6 - 1. Suppose -l*c + t = -19, -3*t = -2*c - c + 21. Suppose 0 = c*i + i - 4. What is the highest common divisor of 2 and i?
1
Let a be (10 - 139 - -10)*(-6)/14. What is the greatest common factor of a and 42?
3
Suppose 134 = -3*m + 5*v, 3*m - v + 126 = -4*v. Let d = 46 + m. Calculate the greatest common divisor of d and 39.
3
Let v = 28 - 13. Suppose -8*l = -3*l - 525. What is the greatest common factor of l and v?
15
Let z = 1249 - 810. Suppose -z = -2*h + 41. Calculate the greatest common factor of h and 48.
48
Suppose 3*z - 40 = -16. Suppose 0 = -z*q + 328 + 40. What is the greatest common divisor of q and 69?
23
Suppose b + 26 = 2*m + 80, b - m = 54. What is the highest common divisor of 6 and b?
6
Let n(s) = -s. Let i(g) = g**2 - 9*g + 4. Let b(v) = -i(v) + 3*n(v). Let y be b(5). Suppose 6 = 5*q + 1. What is the highest common factor of y and q?
1
Suppose 3*s + 2*i - 57 = 0, 2*i + 139 = 3*s + 106. Let f(r) = r**3 - 2*r**2 + 4*r - 3. Let l be f(6). Calculate the greatest common factor of l and s.
15
Let y(c) = -7 + 15 + 22 + c**2. Let u be y(0). Calculate the highest common factor of 45 and u.
15
Let o = 1424 - 1382. What is the greatest common divisor of 2058 and o?
42
Let u be 9/12*(11/3 - 1). Let g(j) = 13*j - 2. Let i be g(u). Calculate the greatest common divisor of i and 16.
8
Let g = -172 - -244. Calculate the highest common divisor of 198 and g.
18
Let o = 29 + -18. Suppose -o = -4*z - 3. What is the highest common divisor of 3 and z?
1
Let n(w) = -25*w + 1. Let d be n(-2). Suppose o + 9 = -3*x + 5*x, 0 = 5*o + 5. Let t be 66/x + 3/6. What is the highest common divisor of t and d?
17
Suppose 3*s = -d + 144 + 45, 5*d - s - 993 = 0. Suppose -n + d = -0*n. Calculate the greatest common factor of 22 and n.
22
Let w be 9*5 + -7 + (-63)/(-9). Calculate the highest common factor of w and 90.
45
Let j = 77 - 31. What is the highest common factor of 368 and j?
46
Let o be (-866)/(-9) - (-13 - 833/(-63)). What is the greatest common factor of 15 and o?
3
Suppose 4*x = -75 + 87. Let d be (-1 + -13)*3/(-2). Calculate the highest common factor of d and x.
3
Let v = 434 - 404. What is the greatest common divisor of 5 and v?
5
Suppose -2*q + 5*d = -46 - 209, -3*q = 4*d - 348. Suppose s - 2*h - 37 - 17 = 0, 0 = 5*s + h - 237. What is the greatest common factor of q and s?
24
Suppose 0 = 4*a - 2*u - 1 - 43, -4*u - 28 = -2*a. Let o be (20/3)/((-3)/(-54)). What is the highest common factor of o and a?
10
Let b = -61 + 73. Suppose -121 = -5*f - 21. Let j = -14 + f. Calculate the highest common factor of b and j.
6
Let x be 1 + 17848/(-138)*(-3)/2. What is the highest common factor of x and 30?
15
Let t(z) = -2*z + 2. Let o be t(-3). Suppose -76*s - 36*s + 4676 = 55*s. Calculate the greatest common factor of o and s.
4
Suppose 9*h - 480 = 3*h. Calculate the highest common divisor of 400 and h.
80
Let q = -1166 - -1683. Calculate the highest common factor of q and 47.
47
Suppose -3*f - 31*f = -4352. What is the greatest common divisor of 4 and f?
4
Suppose 34*a - 39*a = -325. Let n = a + -20. Let d be 10/(-3)*6/(-4). What is the greatest common divisor of d and n?
5
Let d = -7 + 11. Suppose 2*q = 2*s + d, 9 + 9 = 5*s + 2*q. Let h = -83 + 105. Calculate the greatest common divisor of s and h.
2
Let k = 6600 + -6571. Let h = -1 + 30. What is the highest common factor of k and h?
29
Let j(n) = n**2 + 11*n - 6. Let b be j(-12). Suppose 4*m - 302 = -2*x + b*m, 4*m - 16 = 0. What is the greatest common divisor of 31 and x?
31
Let n(m) be the third derivative of 2*m**4/3 - 5*m**3/6 - 30*m**2. Let a be n(12). What is the highest common factor of 17 and a?
17
Let j(p) = -p + 5. Let f be j(-8). Let y = f - -47. Calculate the highest common divisor of y and 20.
20
Let m be 6090/77 + (-2)/22. What is the highest common factor of 1027 and m?
79
Suppose -8*m + 1341 + 227 = 0. What is the greatest common factor of 28 and m?
28
Let d(u) = 4*u**2 - 30*u + 2. Let h be d(8). Let m = -4 + 5. Let g be (-3)/6*(m + -25). Calculate the greatest common divisor of h and g.
6
Let r be 7*23/4 - (-2)/(-8). Calculate the greatest common factor of r and 20.
20
Let m be (48/56)/(17/119). Calculate the highest common factor of 1008 and m.
6
Let p be 3/2*(-84)/(-63). Let l(w) = -w**2 + w + 2. Let m be l(0). Calculate the highest common factor of p and m.
2
Let d(u) = u**3 - 26*u**2 + 37*u - 289. Let m be d(25). Suppose -46 = -2*o - n + 6*n, 53 = o + 5*n. Calculate the greatest common divisor of m and o.
11
Let o be (-6)/(-14) + 9/(-21) + -8. Let m(s) = s**3 + 8*s**2 - 4*s - 8. Let g be m(o). Calculate the greatest common divisor of 16 and g.
8
Let n = 603 + -582. Let j be 65/(-3) + 2/3. Let f be (-6)/j + 19/7. What is the highest common divisor of n and f?
3
Let s be (-1*16/10)/(22/(-275)). Let p(c) = 39*c + 1. Let t be p(1). Calculate the highest common divisor of t and s.
20
Suppose -2*h + 7*h + 94 = 2*m, -2*h - 8 = 0. Calculate the highest common divisor of m and 111.
37
Suppose -d + 0 = -0. Let a be 5/((-10)/(-6))*(13 + d). What is the greatest common divisor of a and 26?
13
Let n(x) = -x**2 + 13*x + 22. Let w be n(10). What is the greatest common divisor of w and 4?
4
Suppose 2*v - s - 280 = 0, 5*s - 7*s + 544 = 4*v. Calculate the highest common divisor of 23 and v.
23
Let n(t) = t**3 - 15*t**2 + 30*t - 16. Let i be n(13). What is the highest common divisor of i and 18?
18
Let q(d) = -d**2 + 9*d + 15. Let w be q(6). What is the greatest common factor of 594 and w?
33
Let f = 27 + -15. Suppose -4*t + 0*t = -f. Let k = 8 + t. Calculate the greatest common factor of 88 and k.
11
Let t be (138/(-4))/((-4)/24) - 0. Let y be -1 - 0 - 0 - -24. Calculate the greatest common factor of y and t.
23
Let v be 1 + 0 + 30*1. Let w = 3065 - 3034. Calculate the greatest common divisor of v and w.
31
Let t = 933 - 491. What is the greatest common divisor of t and 34?
34
Let u(h) = h**2 + 7*h - 23. Let v be u(-10). Suppose -a - 4*z + 146 = 0, 5*a - v*z - 605 = -2*z. What is the highest common divisor of 14 and a?
14
Let x(g) = g**3 - 6*g**2 + 4*g + 2. Let p be x(4). Let c be (p/8)/(4/(-880)). Calculate the greatest common factor of 35 and c.
35
Let o = -303 + 363. What is the highest common divisor of o and 204?
12
Suppose -8*y - 959 = -2423. What is the highest common factor of 9 and y?
3
Suppose -8*m + 0 = -56. Suppose -6*g + m*g = 1. Calculate the highest common divisor of 9 and g.
1
Let l(v) = 16*v. Let y be l(3). Suppose -9*s + s = -y. Calculate the highest common factor of s and 30.
6
Let a be (400/(-90) + 2)*-9. Let l be 33*(7 + (0 - 1)). Calculate the greatest common factor of l and a.
22
Let y(w) = -w**2 + 18*w - 40. Let p be y(8). Suppose 2*s + p = 2*l, -5*l = -l + 5*s - 35. Calculate the highest common d